, 2*v + 3*q - 22 - 188 = 0. What are the prime factors of v?
2, 3, 17
Suppose -2*g = -2*d - 67668, -5*g - d + 203360 - 34160 = 0. List the prime factors of g.
13, 19, 137
Suppose -4033418 = -59*j - 886948. What are the prime factors of j?
2, 5, 5333
Suppose -4*l - 6*f + f = -38814, -4*l + 4*f = -38796. Suppose -l = -19*o - 2671. List the prime factors of o.
2, 5, 37
Suppose 28195 + 28001 = 4*x. Suppose 13*p + 8*p = x. List the prime factors of p.
3, 223
Let w(j) = -5 - j + 19 + 8*j + 6. Let o be w(10). Suppose -4*y + o = t - 13, -5*t + y = -452. What are the prime factors of t?
7, 13
Let w(m) = -3*m**3 + 83*m**2 + 49*m + 10. What are the prime factors of w(17)?
10091
Let i be 2/6 + 35365/33. Suppose -4152 + i = -10*z. Let v = z + -109. What are the prime factors of v?
199
Let u(h) = -3*h**3 + 6*h**2 + 8*h + 19. Let p be u(-13). Suppose 23*g = p + 3451. List the prime factors of g.
3, 53
Suppose -12 = -5*b - 2. Suppose b*m - 15 = -9. Suppose -135 = -5*g - 5*a, 3*g - m*a - 81 = -7*a. What are the prime factors of g?
3
Let o(l) = -13*l + 18. Let c be o(-5). Suppose c = -9*s + 29. Let v(x) = x**3 + 9*x**2 + 9*x + 8. What are the prime factors of v(s)?
2, 31
Suppose 1 = 4*m + 4*d - 3, -4*d = -2*m - 22. Let n(c) = 726*c + 88. Let p(l) = -25*l - 3. Let s(k) = 3*n(k) + 88*p(k). List the prime factors of s(m).
2, 3, 11
Suppose 0*t + 18 = -2*t. Let x(n) = -33*n - 17. Let h be x(t). Suppose -h = 9*r - 14*r. List the prime factors of r.
2, 7
Let n(p) = -423*p**3 - 27*p - 145. What are the prime factors of n(-4)?
5, 5407
Let n = -83 - -90. Let p be -33*n/(-84) - 3/4. What are the prime factors of p/(-12) + 1238*(-4)/(-48)?
103
List the prime factors of (-736)/((-12)/(-222) + 672/(-9694)).
2, 23, 131
Let z be 2/(-9) - ((-33)/27 + 1). Let r be (1 - 0) + z + 7. Suppose 57 = r*q - 79. List the prime factors of q.
17
Let u be 6/(-27) - 1/((-27)/(-48)). Let k be (6/3 + u)/(9 - 7). Suppose -18*s + 20*s - 346 = k. List the prime factors of s.
173
Let f(r) = -28*r + 89. Let q be f(3). What are the prime factors of q + (4/(-38) - 323494/(-361))?
17, 53
What are the prime factors of -6 - (-11 - 1)*1526*(-84)/(-98)?
2, 3, 5, 523
Let f = -193 - -197. Suppose -f*k + 36 = -0*k. List the prime factors of k.
3
Suppose 11 = -q + 5*m + 20, -4*q - 2*m + 14 = 0. Suppose 10 = q*a - 2*a, v - 3*a - 176 = 0. What are the prime factors of v?
191
Suppose 2*p - 1950 + 250 = -3*b, -p + 850 = -3*b. Let l = -228 + p. What are the prime factors of l?
2, 311
Suppose -x - 22547 = -3*k + 93710, 77516 = 2*k + 5*x. List the prime factors of k.
11, 13, 271
What are the prime factors of ((-3480)/90)/(9/(-4698))?
2, 3, 29
Suppose 74*m = 32319 + 403245. What are the prime factors of m?
2, 3, 109
Suppose 3*o + 55 = -8*t + 13*t, 65 = 5*t - 5*o. Let i(y) = 6*y**2. List the prime factors of i(t).
2, 3
Let x(u) = 3*u**2 - 8*u + 9. Let f be x(7). Let s = f - 60. Suppose -4*p - 4*j = -80, -j + s = 2*p - 2*j. List the prime factors of p.
2, 5
Let l be 1*(1/1 - 1). Suppose -5*y + 77 = 2*h + 23, l = 4*h + y - 90. Suppose 19*f = h*f - 114. List the prime factors of f.
2, 19
Suppose 13*c - 129 = 1392. Suppose -5*n = c - 1287. List the prime factors of n.
2, 3, 13
Suppose -72*x = 447656 - 4460432. What are the prime factors of x?
55733
Let y = -3230 - -7025. What are the prime factors of y?
3, 5, 11, 23
Let d(t) = -261*t + 4. Let r be d(-2). What are the prime factors of (r/7)/(2/7)?
263
Let j = 13562 + -6513. Suppose -13*y + j = 1511. What are the prime factors of y?
2, 3, 71
Let b(f) = 12*f - 344 - 2*f + 488. What are the prime factors of b(0)?
2, 3
Suppose -9*w + 2209 = -8*w. Suppose -w = 16*n - 10033. What are the prime factors of n?
3, 163
Let m(p) = -38*p + 21. Let h be m(-8). Let v = h - 60. List the prime factors of v.
5, 53
Let t be 4 - (3 - (-5 + 8) - -1). Let v be 6/9 - (-631)/3. Suppose 0 = -t*o + 8 + v. What are the prime factors of o?
73
Let n(u) = -2*u - 20. Let r be n(-10). Let b(y) = y**3 - 2*y**2 - 2. Let s be b(r). List the prime factors of (-19)/(3/(-5) - s/20).
2, 19
Suppose 0 = 5*i + 21*j - 18*j - 266086, 15 = -5*j. What are the prime factors of i?
19, 2801
Let n(a) be the third derivative of a**5/30 + a**4/24 + a**3/2 + 13*a**2. Let g be n(-2). List the prime factors of 6/g - (1216/(-12) + 4).
2, 7
Suppose 4*y - 4*y - 31055 = -y. List the prime factors of y.
5, 6211
Let j = 32 - 30. Let u(y) = 3 + 0 + 10*y + 116*y**3 - 117*y**3 - 13*y**j. List the prime factors of u(-14).
59
Let g(k) = 5*k**3 - 16*k**2 - 10*k + 24. Let a(b) = 11*b**3 - 31*b**2 - 21*b + 48. Let h(u) = 6*a(u) - 13*g(u). List the prime factors of h(-21).
3, 37
Suppose -1837 = -2*m - 61. Let s = m - 196. List the prime factors of s.
2, 173
Let z = 27 - 22. Let j be (z/(-15) - (-377)/(-3)) + 3. Let u = j + 184. List the prime factors of u.
61
Let r(z) = 232*z**2 + 2*z - 12. Suppose 3*s + 20 - 24 = 4*v, 5*v - 3*s + 2 = 0. List the prime factors of r(v).
2, 5, 23
Let s = 42884 - 15624. What are the prime factors of s?
2, 5, 29, 47
Let z(r) = r**3 + 4. Let i be z(0). Suppose -3*g + 534 = q - i*q, g - 173 = -4*q. Suppose -g - 144 = -3*a. What are the prime factors of a?
107
Suppose -2*o + 310 = 3*k, -3*o = 2*k - 248 - 217. Let f = o + 68. What are the prime factors of f?
223
Let n(p) = p**3 - 6*p**2 - 6*p - 3. Let u(m) = -2*m**2 - 8*m + 7. Let o be u(-4). Let w be n(o). List the prime factors of 140 - ((-3)/(-1) + -4)*w.
2, 3
Let l = -771 - -780. Suppose -l*z + 6761 - 218 = 0. What are the prime factors of z?
727
Let w be (-2 + 6/4)*0/(-2). Suppose 2 = -f - q, -3 + w = 4*f + 5*q. What are the prime factors of 145 + 2 - f*(-10)/35?
5, 29
Let a = -425 - -421. List the prime factors of (3342 - 32)*(-2)/a.
5, 331
Suppose 5*c - 5*d = 29535, 3*c + 45*d = 51*d + 17703. What are the prime factors of c?
3, 73
Let z = -54361 + 114048. What are the prime factors of z?
17, 3511
Let h(o) = 5*o - 30. Let w(f) = -2*f - 11. Suppose -22*a + 20*a = 24. Let z be w(a). List the prime factors of h(z).
5, 7
Let k = 2396 + 2421. What are the prime factors of k?
4817
Suppose 12*w - 2363 - 29317 = 0. What are the prime factors of 7/((-4)/(-30) + (-292)/w)?
2, 7, 11
Suppose 4*g = 3*o + 31, o + 26 = 5*g + 1. What are the prime factors of 42/(-4)*(552/(-36) - g)?
7, 29
Suppose 0 = 4*j + 6*x - 323214, -5*x = 1626*j - 1622*j - 323213. What are the prime factors of j?
2, 3, 67
Suppose 0 = -14*i + 47*i - 108141. What are the prime factors of i?
29, 113
Suppose 5*x + 7*n - 25 = 2*n, 3*x = 3*n + 9. Let u be (-2)/(-8)*(3 - 1)*x. Suppose 5*j - 313 = 2*q, 4*q - 156 + 26 = -u*j. What are the prime factors of j?
3, 7
Let g be 2/23 + (-49254)/(-138). Suppose g*l - 354*l - 4293 = 0. List the prime factors of l.
3, 53
Let o(s) = 97*s**2 - 45*s - 31. What are the prime factors of o(-19)?
3, 13, 919
Let i = 19918 - 6496. What are the prime factors of i?
2, 3, 2237
Suppose 0 = -35*z + 45*z - 60. Suppose 2*f + z*f - 4832 = 0. What are the prime factors of f?
2, 151
Let c(x) = x**2 - 115*x + 9919. List the prime factors of c(0).
7, 13, 109
Let r(c) = 60*c**2 - 5. Let n be r(-2). Suppose 4*h - 1975 = -n. List the prime factors of h.
3, 5, 29
Let s(a) = -a**3 + 16*a**2 + 7*a - 88. Let k be s(15). Suppose -233*g = -k*g + 3834. What are the prime factors of g?
2, 3, 71
Suppose 6*n + 82 + 128 = 0. List the prime factors of 2/(-10) + 9 + (-16212)/n.
2, 59
Let i be (-637)/(-147) + 2/(-6). Suppose -j = 3*c - 1116, 4*c - 4424 = -i*j - 0*j. List the prime factors of j.
3, 367
Suppose 3*g - 4 = 5*g, -m + 1 = g. Suppose m*p + 0*p = -2*b + 197, b = -5*p + 319. Suppose -h - l + p = -6*l, -5*h = -l - 363. List the prime factors of h.
73
Let i = -27061 - -50219. What are the prime factors of i?
2, 11579
Let p(c) = -2*c**2 + 9*c - 1. Let k be p(1). List the prime factors of ((13 - k) + -2)*79.
5, 79
Let z be 1/(-2) - 527/(-2). Suppose -6*t + 5*f + z = -3*t, -3*t + 283 = -f. Suppose 392 = 4*m - t. List the prime factors of m.
2, 61
Let j = -129 - -129. Suppose s = 3*r + 290, -7*s + 3*s - r + 1212 = j. List the prime factors of s.
2, 151
Suppose -5*m = 310*r - 306*r - 21944, -m = r - 5485. List the prime factors of r.
3, 7, 29
Let m = 9875 - 5197. List the prime factors of m.
2, 2339
Let l be (-30)/(-12) - (-1)/(-2). Suppose -2*x + x + 985 = 2*n, l*n - 990 = -2*x. List the prime factors o